 Let q = 446 + v. What is the greatest common divisor of q and 1360?
68
Let x(s) = -s**3 + 16*s**2 - 11*s - 16. Let f be x(14). Suppose 0 = -345*y + 2319 + 460 + 1361. Calculate the highest common divisor of y and f.
6
Let p = -48 - -74. Let y = p + -20. Suppose 0 = -y*w - 18 + 216. Calculate the highest common divisor of 22 and w.
11
Suppose -26*b + 3249 + 2081 = 0. What is the highest common divisor of 40 and b?
5
Let i(m) = -2*m**3 + 31*m**2 + 164*m + 21. Let x be i(18). What is the highest common divisor of x and 99?
33
Suppose 2*n - 4*v - 704 = 0, 2*n + 22*v - 19*v = 697. What is the greatest common divisor of n and 150?
50
Let w = 21812 - 21162. Calculate the greatest common factor of w and 2210.
130
Let d be (-4 - -1)*(-708)/18. Let w = 136 - d. Let a(l) = -8*l + 1. Let u be a(-1). What is the greatest common factor of u and w?
9
Suppose 4*r + 32 + 52 = -4*l, -4 = -4*r. Let b be 5320/42*(l/(-10) - 1). Let s = 83 + -45. Calculate the highest common divisor of b and s.
38
Suppose -3*m = -3*x + 42, 10*x + m = 14*x - 35. What is the greatest common factor of x and 8106?
7
Suppose -p - 3 = -7. Suppose 0 = -6*i + i - 10, -p*j + 548 = -4*i. What is the greatest common factor of j and 54?
27
Let d(l) = 4*l**3 - l**2 - 47*l - 24. Let a be d(5). What is the highest common factor of a and 144?
72
Let x = 260 - 259. Let c be (13 - x)*7 + (-11 - -7). Calculate the highest common factor of c and 10.
10
Let y be 15/3*18/10. Let k be (2408/12)/(3*1/y). Suppose 4*t - k = -s + 4*s, 5*s + 598 = 4*t. What is the highest common divisor of t and 19?
19
Let k be 6/(-10) + 63/(-45) - -62. Suppose -4*h - 4*h = -240. Calculate the highest common factor of k and h.
30
Suppose -2*s + 4*b = -0*b - 12, -5*b - 25 = 0. Let u be 104/2*s/(-8). Let o(g) = 8*g - 103. Let x be o(21). Calculate the highest common divisor of u and x.
13
Let s(n) = 8*n + 46. Let i be s(24). Let f = -220 + i. Calculate the greatest common divisor of f and 66.
6
Suppose 10 = 2*d + 4. Suppose -119 = -3*b + 4*m, -3*b + 200 = 2*b - 5*m. Suppose d*v - 4 = b. Calculate the highest common divisor of v and 60.
15
Let d = 378 - -477. Suppose -1047 = -8*n - d. What is the greatest common factor of 372 and n?
12
Let s(p) = p**2 + 6*p + 1. Let y be s(-6). Let c be 8/6*(-1 - -4). Suppose -c*z = 3*w - 3 - 14, 5*z - 30 = 5*w. What is the greatest common factor of z and y?
1
Suppose -7*g - m = 1211 - 7293, 0 = 3*g + 2*m - 2616. What is the greatest common divisor of g and 14?
14
Let t be -44*20/(-60)*9/2. Let h(i) = -3*i - 3*i**2 - 3*i**3 + 0*i**2 + 4*i**3 + 6 - i. Let b be h(4). Calculate the highest common factor of t and b.
6
Suppose 3*g - 3*n = 1218, 377*n - 372*n = -g + 370. What is the highest common factor of g and 4?
4
Suppose 170 = -213*u - 213*u + 431*u. What is the highest common factor of 1802 and u?
34
Let y(h) = -2*h**3 + 26*h**2 - 9*h - 122. Let w be y(12). Calculate the greatest common divisor of w and 3625.
29
Suppose 49 = -b - 2*n, -3*n + 0*n = -5*b - 284. Let o = b + 426. Calculate the greatest common divisor of o and 53.
53
Suppose -12 = -4*u, -4*u = 3*n + 7513 - 37345. What is the highest common factor of n and 40?
20
Let p(m) = -39*m - 1126. Let k be p(-29). Calculate the highest common factor of k and 815.
5
Let c be (24 - 175/10) + (-3)/6. Suppose 146 = 5*t - 4*v - 318, 3*t = 4*v + 272. Suppose -c*m = -8*m + t. What is the highest common divisor of 36 and m?
12
Suppose 3*m + 2*y + 2991 = 0, y = m - 0*m + 997. Let l = 1234 + m. Calculate the greatest common factor of l and 553.
79
Suppose -93556*a + 93577*a - 155547 = 0. What is the greatest common factor of 9 and a?
9
Let y(r) = 7*r**2 - 7*r - 34. Let o be y(-6). Suppose 2*p - 4*d = 124, -2*d - o = -4*p + 2*d. Let z = 27 - 10. What is the highest common divisor of p and z?
17
Suppose 0 = -t - 10*d + 14*d + 10221, 3*d - 20541 = -2*t. What is the highest common divisor of 78 and t?
39
Suppose -40*y = -42367 + 41207. Let a = -1087 - -1870. What is the greatest common divisor of a and y?
29
Let q be 1460/14 + (100/(-14))/25. Suppose 2*p - 14 = -0*p - 2*i, 3*i - 5 = -p. What is the highest common factor of q and p?
8
Let g = 7807 - 7752. Calculate the highest common divisor of g and 8195.
55
Suppose 3*j - 72 = -j. Suppose -5*h + 35 = 0, -h - 114 = 15*q - 931. What is the greatest common divisor of q and j?
18
Suppose 0 = 173*z - 107 - 132 - 107. Let u(v) = 2*v**2 + 8*v + 4. Let f be u(-5). Calculate the greatest common divisor of z and f.
2
Suppose -9988 = 40*x - 24188. What is the highest common divisor of 1704 and x?
71
Let q(u) = -u**2 - 41*u + 30. Let v(a) = -23*a - 132. Let c be v(-4). Let i be q(c). Calculate the greatest common factor of i and 21.
7
Let m be (8/(-12))/(2/(-96)). Let a(x) = x**2 + 294*x + 1192. Let b be a(-4). Calculate the highest common factor of m and b.
32
Let b(d) = -3*d**2 - 87*d + 38. Let u be b(-29). Suppose 4*l - u = 138. What is the greatest common factor of l and 154?
22
Let m be 1456*(819/(-36))/(-13). Calculate the highest common divisor of 104 and m.
52
Let f(j) = -2989*j - 20912. Let d be f(-7). Let l = 28 + -6. Calculate the greatest common factor of d and l.
11
Suppose b - 3*w = -52, 9*b + 5*w + 280 = 4*b. Let n(u) = -12*u + 47. Let a be n(-3). Let j = a + b. Calculate the greatest common factor of 14 and j.
14
Let j(s) = s**3 - 25*s**2 + 23*s + 34. Let g be j(25). What is the highest common divisor of 28 and g?
7
Let s = -15507 - -15541. What is the greatest common factor of s and 391?
17
Let f = -41 + -1757. Let z = -1623 - f. Suppose x - 83 = -13. What is the highest common factor of x and z?
35
Let r(y) = 5*y + 57. Let g be r(0). Let w be (-1 - -2)*-1 + -10. Let l = 8 - w. What is the highest common factor of l and g?
19
Suppose 3602 = 14*t - 2446. Calculate the greatest common divisor of 300 and t.
12
Let r(z) = 49*z - 66. Let i be (0 + (-17)/3)*(-30 - -27). Let n be r(i). What is the greatest common factor of n and 59?
59
Let r be ((-336)/(-20))/(15/25). What is the highest common divisor of r and 91?
7
Let l be ((-57)/(-9))/(7/21). Let z = -1 + 3. Let j be 76/(-2)*(-1)/z. Calculate the highest common divisor of j and l.
19
Suppose -55*g = -71*g + 2672. Suppose 0 = 7*b - g - 232. What is the greatest common divisor of b and 76?
19
Let v(y) = 180*y - 7464. Let m be v(48). What is the highest common factor of 9702 and m?
294
Let n be (-6)/(((-1)/85)/((-20)/25)). Let w be 22/((-2)/12 - 92/n). Calculate the greatest common factor of w and 44.
22
Let y(w) = 4*w - 56. Let p be y(7). Let s(g) = 11*g + 338. Let b be s(p). Calculate the highest common divisor of b and 30.
30
Let n(w) = -w**3 - 18*w**2 - 3145 + 3212 - 21*w - 2*w**2. Let t be n(-19). What is the greatest common divisor of 175 and t?
35
Let g(c) = 27*c - 207. Let d be g(28). Let n = d + -548. Suppose -h + 3 = 3*k + 2*h, -4*h = -4*k + 20. Calculate the greatest common factor of k and n.
1
Let n be 14/(-98) + 8262/14. Suppose -23*z + n + 330 = 0. What is the greatest common factor of 260 and z?
20
Let q = -1529 - -1592. What is the highest common factor of q and 27?
9
Let b = 4774 + -4762. Calculate the highest common factor of b and 580.
4
Suppose -48 = 114*z - 106*z. Let o be 51/((6/z)/(1/(-1))). Calculate the greatest common divisor of 68 and o.
17
Let r = 457 + -387. Let x be 2 + (-7 - -1) - (-416 + r). What is the highest common divisor of 76 and x?
38
Let f be 2 + 0 + -25 + 0. Let p = f + 27. Suppose z + 3*a - 40 = -4*z, -4*z + 64 = -p*a. What is the highest common divisor of 22 and z?
11
Suppose u + 3*u - 12 = 0. Suppose -u*v + 38 = 4*a, -3*a + 9 + 20 = 2*v. Let h be 1*(-7 - -128)*1. Calculate the greatest common factor of h and a.
11
Let c(b) be the second derivative of 29*b**3/6 - 3*b**2 - 23*b. Let r be c(6). Let f = r - 73. What is the greatest common divisor of f and 38?
19
Let r be 9/(-99) - 150/(-440) - 147734/(-8). What is the highest common factor of r and 626?
313
Let a(t) = -6*t**3 + 4*t**2 - 7*t + 7. Let b be a(2). Let s be -2 + 5 + (-2 - b). What is the greatest common divisor of 5 and s?
5
Let z = -75 - -616. Let m = z + -408. What is the highest common factor of 57 and m?
19
Let o = 4567 + -4524. Let t(g) = -4*g**2 - g**3 + 10*g**2 - 5*g - 7 + 2*g**2. Let w be t(5). Calculate the highest common divisor of w and o.
4